u?
0
Suppose -10*d = -9*d - 9. What is the units digit of d?
9
Let h = -27 - -41. Let u = 23 - h. What is the units digit of u?
9
Let n(f) = 2 + f**2 + 0 - f + 1. Let q(y) = 3*y**3 + 2*y + 2. Let r be q(-1). What is the tens digit of n(r)?
1
Let t be (-4 - -4)*1/(-3). Suppose 2*d - 14 + 4 = t. What is the units digit of d?
5
Suppose 5*t = 2*y + 15 + 184, -2*t = 3*y - 91. What is the units digit of t + 7/(14/(-8))?
7
Suppose 0 = -0*g + g - 17. Suppose -3*s + 34 = -g. What is the units digit of s?
7
Let v(x) = 5*x**2 + 3*x - 2. What is the tens digit of v(2)?
2
Let x = 31 - 11. What is the tens digit of x?
2
Let j be 0 + -1 + 2 - -2. Let k be 184/12 + (-1)/3. Suppose -k = -2*x - j. What is the units digit of x?
6
Let q(i) = -6*i**3 - i**2 - i - 1. Let t be q(-1). Let a = t + -4. Suppose -24 = -5*s + a. What is the units digit of s?
5
Let v be (4/(-8))/((-1)/(-6)). Let d = 7 + v. Suppose -d*n + 17 = 1. What is the units digit of n?
4
Let p(d) = 2*d**2 + 19*d - 22. What is the tens digit of p(-18)?
8
Suppose 224 = 3*q + q. Suppose -3*l - 14 + q = 0. What is the units digit of l?
4
Let x = 10 + -5. Suppose -5*s + 15 = x*v, -3*s + 4*v - 3*v - 11 = 0. What is the units digit of (0 + s)*(-2)/2?
2
Let n = 39 - -2. What is the units digit of n?
1
Let z be (2 + 0)/((-1)/(-6)). Suppose -4*r - z = -q + 20, q - 27 = 3*r. What is the units digit of q?
2
Let p(r) = 4*r**2 - 3*r + 4 - r**3 - 8*r**2 + 9*r**2. What is the units digit of p(4)?
8
Let y be (8/2)/(-2) + -16. Let d = y + 25. What is the units digit of d?
7
Let k(d) = d**3 - 3*d**2 + 4*d - 3. Let b be k(3). Let z = -8 + b. What is the units digit of z - (-60)/9*3?
1
Suppose -3*q + 19 + 71 = 0. What is the units digit of q?
0
Suppose -3*b - c = -4*b - 2, 14 = -3*b + 5*c. Let w be b*(-3)/12*-4. Suppose 11 = w*y + 3*a, 0 = 2*y + a - 13 - 0. What is the units digit of y?
7
Suppose 0 = -k - 2*k. Let b = k + 22. What is the units digit of b?
2
What is the units digit of 4/(-18) - 6125/(-225)?
7
Let s be (0 + -5)*384/(-20). Suppose -5*f = -9*f + s. What is the units digit of f?
4
What is the units digit of (-15)/(-5) + (-4 - -127)?
6
Let u = 17 + -13. Let x be ((-30)/(-4))/(6/32). Suppose d - x = -u*d. What is the units digit of d?
8
Let r(a) be the second derivative of a**4/6 - a**3/2 - a. Let n be 8/20 - 8/(-5). What is the units digit of r(n)?
2
Let r(w) = 62*w + 3. What is the tens digit of r(1)?
6
Suppose -x = 4*g - 155, 0*g + 5*g - 193 = -x. Suppose 3*y - 19 - g = 0. What is the tens digit of y?
1
Let v = -51 - -78. What is the units digit of v?
7
Let m(h) = h**3 + 4*h**2 - 9*h - 8. What is the units digit of m(-4)?
8
Let x(b) = b + 2. Let t be x(0). Let n be (4/t)/(2/22). Let i = n + -16. What is the units digit of i?
6
Let b be (6/9 + -2)*-3. Suppose 5*m - 3*g - 20 = 0, 5 = 3*g - b*g. What is the units digit of m?
1
Let h(t) be the third derivative of 11*t**4/24 - t**3 - 5*t**2. What is the units digit of h(4)?
8
Let s(a) = -26*a + 1. What is the units digit of s(-7)?
3
What is the hundreds digit of 4 + (116 - 3/6*2)?
1
Suppose a + 108 = 4*a. Suppose -8*m = -4*m - a. What is the units digit of m?
9
Let u = 131 + -47. Suppose 5*r + 9 = u. What is the tens digit of r?
1
Let v = 173 - 60. What is the hundreds digit of v?
1
Suppose -4*q + 2*p = -378, q - 4*q + 286 = p. What is the units digit of q?
5
Suppose 14 = -t - 3*h, 4*t + 1 - 5 = 3*h. Let r = t + 11. What is the units digit of r?
9
Let d(z) = z**2 - z - 3*z - 2*z - 7. What is the units digit of d(8)?
9
Let c(m) = 3*m - 6. Let p(w) = -1. Let s(j) = -c(j) + 6*p(j). Let u be s(-2). What is the units digit of (-2*1 - u)*-1?
8
Let i be -2 + 1 - (0 + -2). Let t be 3/(3/(i*-3)). What is the units digit of 3*3 + t/(-3)?
0
Let t = 317 + -212. What is the hundreds digit of t?
1
Let y be 0/((-7)/(7/2)). Suppose y = -4*i + 8*i - 72. What is the tens digit of i?
1
What is the tens digit of (-2)/(-3) - (-926)/6?
5
Let h(a) = -a**3 - a**2 + 3*a + 3. Let g be h(-2). Let t be ((-14)/(-21))/(g/3). Let p(q) = q + 1. What is the units digit of p(t)?
3
Suppose -5*w = -k + 14, 4*w - 2*w + 3 = 3*k. Let l = -6 + 4. What is the units digit of 30/4*l/w?
5
Suppose 5*q - 63 = -4*t, -q + 3*t = -4*q + 39. What is the tens digit of q?
1
Suppose 4*b + 0*q - 358 = -5*q, -4 = -2*q. What is the tens digit of b?
8
Let l be -1 - (-8 - (1 - -2)). Let r = l - 3. What is the units digit of r?
7
Let y = 63 + 102. Suppose -4*a = -a - y. What is the units digit of a?
5
Suppose 0 = -4*r + r - 18. What is the units digit of 2/(-3)*(0 + r)?
4
Suppose 2*f = 6*f. Let o(t) = -t**3 - t + 16. What is the units digit of o(f)?
6
Suppose -2*d = -78 - 42. What is the units digit of d?
0
Let s = -8 - -18. Let y = -2 + s. What is the units digit of y?
8
Let w(r) = 2*r - 6. Let u(b) = -6*b + 18. Let t(j) = 6*u(j) + 17*w(j). What is the units digit of t(-5)?
6
Suppose -2*f - 610 = -7*f. Suppose -6*j + f = -2*j - 2*z, -5*z = -5. Let s = -22 + j. What is the units digit of s?
9
Suppose d - 2*w - 22 = -3*d, -4*w - 16 = -4*d. Suppose 5*z = -5*j + 60, j + d = z - 7. What is the tens digit of z?
1
Let i = -37 + 66. What is the units digit of i?
9
Let z(x) = -x + 14. What is the units digit of z(-16)?
0
Let n be (-2)/(-7) - (-402)/14. Suppose 5*p + n - 1 = -4*k, 4*p + 16 = 0. Let x(i) = i**2 - 2*i - 1. What is the units digit of x(k)?
7
Let n = 7 - 2. Suppose 3*d - 8 = n*x, d - 3*x = 2*d - 12. What is the units digit of d?
6
Suppose -i = -4*i + 93. Suppose -w - i = -3*h, -4*w = 19 - 3. What is the units digit of h?
9
Let f(z) = z**3 + 7*z**2 - z - 4. Let w be f(-7). Let t(p) = p**3 - p**2 - p - 3. What is the tens digit of t(w)?
1
Suppose l + 2*l - 78 = 0. Suppose -v - v = -l. What is the tens digit of v?
1
Suppose 3*d - 4*t + 8*t = 809, t = -3*d + 821. What is the tens digit of d?
7
Suppose -5*r + 175 = -0*r. What is the tens digit of r?
3
Let f = 23 + -13. Suppose -f*i = -5*i - 95. What is the tens digit of i?
1
Let r be (-1)/(-2) - 55/10. Let n = 29 + r. Suppose -3*l - 3 = -n. What is the units digit of l?
7
Let c(g) = -g**2 + 2*g + 2. Let o be c(-3). What is the tens digit of 5/((-5)/2) - o?
1
Let h be 1*-2*39/(-6). Let b = -8 + h. Suppose -9 = b*f - 49. What is the units digit of f?
8
Suppose -2*w + 12 = -3*g - 2*g, 5*w + g - 57 = 0. Let h = -13 + 20. Suppose -2*a + h + w = 0. What is the units digit of a?
9
Let b = -2 - -4. Suppose b*x = 4*r - 18, 0 = 4*r + 2*x - 6*x - 24. Suppose 0*n + 2*n + r*f - 22 = 0, 13 = n + 2*f. What is the units digit of n?
5
Suppose 47 = 4*o - 97. Suppose 10*c - 5*c = -2*f + 10, 0 = -4*c + 4*f + o. What is the units digit of c?
4
What is the units digit of (-16)/((-5)/((-10)/(-2)))?
6
Suppose 0 = -2*f + 4 + 4. Suppose -r = 3, -3*l - 2*r + 6 = -7*l. What is the units digit of (f/l)/((-1)/6)?
8
Let y(v) be the first derivative of 1/2*v**2 + 3 + 0*v. What is the units digit of y(5)?
5
Let f(d) = -d**2 + 6*d + 2. Let b be f(6). Suppose 3*o + 5*t = 2*o - b, 0 = -3*o - 3*t + 30. What is the units digit of o?
3
Suppose -735 = -12*g + 1785. What is the tens digit of g?
1
Let g = -67 + 210. What is the hundreds digit of g?
1
Let s be 1/5 + 38/10. Suppose 8 = s*a + 44. What is the units digit of 10 - 0*3/a?
0
Let d(t) = 2*t**2 + 5*t + 2. Let q be d(-3). Suppose 9 = c - q. What is the units digit of c?
4
Suppose -b + 0*b = 39. Let a = -25 - b. Let r = a - 2. What is the units digit of r?
2
Let l(i) = -3*i - 12. Let q be l(-8). Suppose s = -3*d - 2, -17 = -5*s - 2*d + q. Suppose -2*a - 65 = -s*a. What is the tens digit of a?
1
What is the tens digit of (-1)/((-5)/727) + 2/(-5)?
4
Let d = -4 + 3. Let g(o) = -3*o**3 - 2*o**2 - 2*o - 1. Let p be g(d). Suppose -j = -p - 3. What is the units digit of j?
5
Let g = 28 - 0. What is the units digit of g?
8
Suppose -g = -n - 2*g - 3, -4*n - 12 = -2*g. Let u be (-1)/n - 76/12. Let k = u - -11. What is the units digit of k?
5
Let i(n) = -n**2 + 89. What is the units digit of i(0)?
9
Let y(k) = 4*k + 4*k**2 - 4*k. Let g be y(-1). Suppose -4*j = g, 0*f - 29 = -5*f - j. What is the units digit of f?
6
Let l = 32 + -3. What is the tens digit of l?
2
Suppose 5*h - 56 = -3*r + 257, -5*h = 2*r - 217. What is the tens digit of r?
9
Let v(i) = 5*i**2 - 2*i + 4. What is the units digit of v(2)?
0
Suppose -4*f + 13 = -3*v, -4*v - 8 = -f - 2*f. What is the uni